) to base 3
1111
What is -11111220 (base 4) in base 14?
-7d7a
What is -110011000011011 (base 2) in base 7?
-136131
Convert 2016 (base 8) to base 6.
4450
Convert 4d2e (base 15) to base 9.
24528
Convert -11120120 (base 3) to base 14.
-1304
-101010001010 (base 2) to base 7
-10603
-2222010 (base 3) to base 8
-4163
What is -107dc (base 14) in base 2?
-1001110000101110
174 (base 14) to base 3
102001
Convert -6665 (base 7) to base 13.
-1127
Convert 13331332 (base 4) to base 14.
bc74
Convert 1100011 (base 3) to base 2.
1111010000
What is -2002011201 (base 3) in base 4?
-21333313
Convert -1101001001 (base 2) to base 14.
-441
-4116 (base 12) to base 15
-2169
What is 1507 (base 16) in base 15?
18dd
What is 51024 (base 6) in base 5?
203322
What is a640 (base 12) in base 9?
26853
What is 322002 (base 4) in base 2?
111010000010
Convert 86 (base 9) to base 16.
4e
Convert 11bb (base 14) to base 8.
6041
Convert -3637 (base 8) to base 2.
-11110011111
What is -125a (base 13) in base 5?
-40420
Convert 10643 (base 8) to base 5.
121030
What is 1120012 (base 3) in base 5?
14024
-11 (base 12) to base 7
-16
Convert -20220000 (base 3) to base 16.
-139e
What is 112001102 (base 3) in base 2?
10100000000100
-4102 (base 5) to base 7
-1352
What is -100143 (base 7) in base 11?
-11762
-16431 (base 12) to base 6
-402501
Convert 1121 (base 3) to base 5.
133
Convert 2330 (base 6) to base 9.
680
-425 (base 12) to base 10
-605
Convert -1011012201 (base 3) to base 10.
-22753
What is 32654 (base 8) in base 5?
414430
What is -334244 (base 5) in base 13?
-54c7
Convert -100001000 (base 2) to base 12.
-1a0
Convert 826 (base 9) to base 8.
1240
Convert 31362 (base 7) to base 4.
1320321
What is -5fb (base 16) in base 4?
-113323
What is -5885 (base 16) in base 4?
-11202011
Convert -282 (base 15) to base 2.
-1000111100
What is 27063 (base 9) in base 12?
a6b6
Convert -100100100010 (base 2) to base 3.
-10012121
What is 2211211 (base 3) in base 10?
2074
-34 (base 8) to base 6
-44
1021122 (base 3) to base 4
32213
-12332 (base 5) to base 8
-1707
What is -160340 (base 7) in base 4?
-13222130
What is -1232103 (base 4) in base 8?
-15623
What is -4343 (base 8) in base 14?
-b87
What is -232504 (base 6) in base 4?
-10321120
What is 16234 (base 12) in base 11?
21685
3766 (base 10) to base 15
11b1
-37445 (base 8) to base 2
-11111100100101
What is 626 (base 12) in base 16?
37e
Convert -2011002 (base 3) to base 11.
-11a6
2e9 (base 15) to base 12
479
What is 15321 (base 6) in base 13?
11a1
6404 (base 8) to base 15
ec2
Convert -2051 (base 7) to base 3.
-222202
Convert 2836 (base 13) to base 8.
13237
-1401 (base 7) to base 4
-20130
-1010010100 (base 2) to base 12
-470
What is 1fb (base 16) in base 4?
13323
Convert 1144014 (base 5) to base 13.
9b9a
What is -bac5 (base 15) in base 11?
-277a4
What is -963 (base 11) in base 6?
-5210
Convert -1721 (base 16) to base 15.
-1b4b
1112121 (base 3) to base 8
2143
What is 453312 (base 6) in base 14?
dd92
-5216 (base 7) to base 8
-3442
What is -3671 (base 13) in base 2?
-1111000010001
Convert -14231 (base 7) to base 4.
-330311
485 (base 16) to base 4
102011
What is 1011000111 (base 2) in base 6?
3143
Convert 20322 (base 4) to base 9.
703
11010100101 (base 2) to base 4
122211
3426 (base 13) to base 9
11010
Convert 2132010 (base 5) to base 16.
8e99
What is -1011010000 (base 2) in base 5?
-10340
Convert -11558 (base 9) to base 13.
-36b0
Convert -150 (base 13) to base 4.
-3222
Convert -1728 (base 9) to base 3.
-1210222
-63 (base 7) to base 6
-113
66456 (base 8) to base 2
110110100101110
-31132 (base 4) to base 14
-458
2a342 (base 13) to base 11
54932
Convert 2038 (base 9) to base 5.
21433
Convert -1122032 (base 4) to base 3.
-21220212
What is 1221020 (base 3) in base 13?
846
What is -7663 (base 8) in base 13?
-1aa2
-3c5 (base 13) to base 11
-558
What is 517 (base 10) in base 5?
4032
What is -10101100010101 (base 2) in base 16?
-2b15
Convert 3d35 (base 14) to base 13.
4c0b
Convert -4313 (base 9) to base 3.
-11100110
What is 2b9c (base 16) in base 12?
6564
Convert 101010100000001 (base 2) to base 13.
9b9c
Convert 2321 (base 7) to base 10.
848
10001111111001 (base 2) to base 7
35564
3a7 (base 11) to base 10
480
Convert 2222000200 (base 3) to base 13.
20727
Convert -8b5 (base 13) to base 12.
-a50
Convert 1455 (base 8) to base 10.
813
-53230 (base 8) to base 7
-121426
What is 31324 (base 6) in base 5?
113403
What is 1323322 (base 4) in base 15?
253a
-1237 (base 12) to base 6
-13311
-30110000 (base 4) to base 8
-142400
5066 (base 16) to base 14
7702
Convert 10010011111 (base 2) to base 7.
3310
17b2 (base 13) to base 15
10a0
Convert -1097 (base 11) to base 7.
-4122
-323 (base 8) to base 13
-133
What is -12233 (base 6) in base 10?
-1821
334 (base 7) to base 5
1142
What is 4196 (base 13) in base 16?
2378
Convert -64 (base 12) to base 2.
-1001100
Convert -1b85 (base 12) to base 14.
-135b
Convert 121113 (base 4) to base 7.
4506
What is 212011 (base 5) in base 12?
4163
Convert -30130 (base 4) to base 3.
-1002111
-621 (base 8) to base 14
-209
-1400 (base 6) to base 15
-190
6652 (base 12) to base 8
26036
What is 112031 (base 6) in base 13?
4447
What is 10000100100 (base 2) in base 11?
884
-331 (base 13) to base 8
-1043
What is -210213 (base 4) in base 10?
-2343
Convert -2112 (base 7) to base 12.
-520
Convert 26563 (base 7) to base 4.
1233232
What is 127 (base 14) in base 11?
1a0
-2a96 (base 11) to base 2
-111110001001
Convert -2a2 (base 15) to base 7.
-1520
Convert 12012102 (base 3) to base 8.
7317
What is 5643 (base 9) in base 14?
173c
Convert 451251 (base 6) to base 7.
215335
What is 1083 (base 13) in base 10?
2304
-22022212 (base 3) to base 16
-17b7
What is -3501 (base 6) in base 8?
-1475
What is -2b2 (base 12) in base 15?
-1d2
What is -a471 (base 16) in base 4?
-22101301
What is 125c (base 16) in base 8?
11134
11b0 (base 13) to base 14
cb3
Convert -33633 (base 7) to base 12.
-4b46
101010 (base 4) to base 10
1092
Convert -25334 (base 6) to base 9.
-5184
-4a7 (base 13) to base 6
-3433
Convert -30a (base 14) to base 7.
-1513
-13fc (base 16) to base 6
-35404
What is 221331 (base 5) in base 3?
101120210
What is 12481 (base 11) in base 8?
42724
-110d1 (base 14) to base 12
-1bb13
-306550 (base 7) to base 2
-1100111000010111
Convert -1b7 (base 15) to base 7.
-1105
-194 (base 14) to base 4
-11012
Convert 1241 (base 14) to base 10.
3193
10010101110001 (base 2) to base 11
7224
-1220020 (base 3) to base 6
-10223
What is -23102 (base 5) in base 11?
-1272
2403 (base 5) to base 9
432
What is 37699 (base 10) in base 8?
111503
Convert 54265 (base 7) to base 11.
a183
Convert -93a (base 13) to base 11.
-11a8
Convert 385 (base 14) to base 9.
863
Convert 317 (base 8) to base 10.
207
-1333 (base 9) to base 14
-518
What is 15686 (base 10) in base 9?
23458
Convert -2315 (base 7) to base 16.
-34d
Convert 2212011 (base 3) to base 15.
93d
Convert 1212120 (base 3) to base 10.
1365
What is 22154 (base 7) in base 6?
41452
What is -347 (base 9) in base 11?
-240
Convert -4830 (base 9) to base 8.
-7007
Convert -6204 (base 8) to base 5.
-100304
What is 311 (base 4) in base 6?
125
15508 (base 11) to base 16
5595
71 (base 16) to base 14
81
Convert -82a (base 14) to base 8.
-3106
What is 4a7 (base 15) in base 4?
100201
594 (base 16) to base 8
2624
3076 (base 15) to base 6
115220
Convert 5a84 (base 11) to base 16.
1f15
What is -30606 (base 10) in base 11?
-20aa4
Convert -11978 (base 12) to base 3.
-1012201102
-94c (base 16) to base 10
-2380
What is 1102134 (base 6) in base 13?
1bcca
5140 (base 11) to base 12
3b44
Convert -3061 (base 10) to base 7.
-11632
Convert 63702 (base 9) to base 13.
16232
Convert -11222 (base 4) to base 14.
-1bc
Convert 11001111110 (base 2) to base 14.
86a
What is -136 (base 15) in base 12?
-1b0
Convert 46 (base 12) to base 6.
130
What is -56e4 (base 15) in base 4?
-10200013
What is -3a2 (base 14) in base 16?
-2da
What is 4084 (base 9) in base 8?
5660
11002101012 (base 3) to base 14
21477
Convert 509 (base 16) to base 8.
2411
Convert -338 (base 13) to base 5.
-4204
What is -6255 (base 12) in base 16?
-29e1
11011111101 (base 2) to base 9
2407
Convert -102110012 (base 3) to base 13.
-3a52
-27 (base 10) to base 5
-102
-114555 (base 6) to base 13
-480b
What is -10119 (base 11) in base 7?
-61045
1154 